t l be n(-16). Suppose l + 1135 = -5*k. What are the prime factors of (1 + -2)/((-3)/k*-1)?
11
Let b be (7 - -1) + (-66)/22. Suppose 0 = -2*p - 3*k + 301, -b*k + 164 + 4 = p. List the prime factors of p.
11, 13
Let h(q) = -93*q + 55. Let c be h(-7). Let j = -376 + c. List the prime factors of j.
2, 3, 5, 11
Let h be 4/14 - 136/(-14). Let c = -4634 - -4622. What are the prime factors of (-17 + h)*c/7?
2, 3
Let b = -25 - -13. Let d = 70 + b. Let w = d - -88. List the prime factors of w.
2, 73
List the prime factors of (-3935 - 6 - (-4 - -6))/((-3)/6).
2, 3943
Let a(q) = -4331*q - 2435. What are the prime factors of a(-4)?
3, 7, 709
Let g be (-6 + 4)*(-1 + (-49)/(-14)). Suppose 3*c + 3 = 3*u, -2*c - 5 - 1 = -3*u. List the prime factors of u + -2 - (g + 5).
2
Let k = 92361 + -50588. What are the prime factors of k?
37, 1129
Suppose 0 = 3*k - 1 + 4. Let o(t) = -252*t + 13. Let h(w) = 378*w - 21. Let u(j) = 5*h(j) + 8*o(j). What are the prime factors of u(k)?
5
Suppose -5*w + 8*w = 2*s + 57, 77 = 4*w - 3*s. Suppose 0*q - 3*q - w = -r, 2*q + 8 = 0. Suppose -7 = -4*p + r. What are the prime factors of p?
3
Let m = 1391 - 835. Let y = m - 282. List the prime factors of y.
2, 137
Let v = 4533 + 5190. List the prime factors of v.
3, 7, 463
Suppose 4*b - 61456 = -3*j - j, -3*j + 4*b + 46085 = 0. What are the prime factors of j?
3, 569
Let q(t) = 18*t - 7. Let g(i) = -6*i + 2. Let y(j) = -8*g(j) - 3*q(j). Let d be y(-3). Let n = d + 15. List the prime factors of n.
2, 19
Suppose 43*c = 38*c + 10. List the prime factors of 4/(8/59)*c.
59
Let q(r) = -5*r + 7. Let v be q(4). Let w be (-12)/20 - v/5. List the prime factors of (15/(-6))/(w/(-20)).
5
Let j(a) = -3*a**3 - 104*a**2 + 7*a + 63. List the prime factors of j(-38).
23, 619
Let z(y) = 79 + 97 + 427*y - 532*y - 45. What are the prime factors of z(-14)?
1601
Let n be (-6)/8*(12 + -16). Suppose 0 = -m + 3*k + 335, -5*m + 1662 = -n*k + k. Suppose -16 - m = -3*f. What are the prime factors of f?
2, 29
Suppose 28*l + 167534 = 195*l - 534534. List the prime factors of l.
2, 1051
Let m = 1290 + -216. Suppose 72*r - 75*r = -m. List the prime factors of r.
2, 179
Suppose -4*o = -5*t - 200, t + 4*o + 87 - 23 = 0. Let m be (t/8)/((-6)/36). Suppose 4*s - 2*d - 62 = 0, 2*s + 4*d - 3*d = m. What are the prime factors of s?
2
Suppose 9*j - 36 = -9. Suppose 3*s - 12 = 0, 252 + 180 = 5*g + j*s. What are the prime factors of g?
2, 3, 7
Suppose 2*g - 2*q - 2228 = 0, -4*g + 2*q = 2618 - 7072. Suppose 5*a - 1347 - g = 0. What are the prime factors of a?
2, 3, 41
Suppose -v = 2*v + 714. Let f = -13 + 375. Let q = f + v. What are the prime factors of q?
2, 31
Let g(l) = 361*l**2 - 10*l + 31. What are the prime factors of g(-6)?
23, 569
Suppose -145*y = -118*y + 189. Let z(d) = -d**3 - 6*d**2 - 5*d - 11. Let m(n) = -n. Let s(o) = 3*m(o) + z(o). List the prime factors of s(y).
2, 47
Let x = -106 + 209. Let f = 210 + x. What are the prime factors of f?
313
Let b(p) = 7*p**2 - 5*p - 20. Let v(a) = a**3 + 22*a**2 + a + 15. Let w be v(-22). List the prime factors of b(w).
2, 179
Let r(z) = -9994*z - 760. List the prime factors of r(-5).
2, 5, 7, 19, 37
Let t(i) = -276*i**3 + 43*i**2 + 152*i + 32. What are the prime factors of t(-6)?
2, 7, 2153
Suppose 0 = 3*d - 5*v - 13, -2*v + 7*v - 29 = -4*d. Suppose -t - 2850 = 3*x, 12*t - 14*t + d = 0. What are the prime factors of -3 - x/4 - (-1)/4?
5, 47
What are the prime factors of 2978433/199 - 23/(-1)?
2, 5, 1499
What are the prime factors of (5 + -23)*747/(-2) - 5?
2, 3359
Let m be (-4)/(-22) - 5916/(-374). Let z(s) = -s**3 + 18*s**2 - 11*s - 12. List the prime factors of z(m).
2, 3
Suppose c + 5*o = 3*o + 16737, -4*o = 4*c - 66956. What are the prime factors of c?
16741
Let k be (-5)/10*(-20)/(-1). Let j = -8 - k. Suppose -j*r + 96 = -14. What are the prime factors of r?
5, 11
Suppose 0 = -23*o + 26*o + 6, -5*o - 76 = -3*x. Suppose 6108 = -x*c + 28*c. List the prime factors of c.
2, 509
Suppose 31*c + 172 - 575 = 0. Suppose 15*p = c*p + 2178. List the prime factors of p.
3, 11
Let o(q) = -2611*q - 9779. List the prime factors of o(-14).
3, 5, 7, 17
Let o be (-27)/45*-5 + 1*-3. Suppose 9*n - 1455 - 1650 = o. List the prime factors of n.
3, 5, 23
Let r be (-14)/(-70) + (1 - (-751)/(-5)). Let v = 90 - r. What are the prime factors of v?
239
Suppose -2*y + 7 = 402 - 2461. What are the prime factors of y?
1033
Suppose -7*v = 4*v - 22. Suppose 291 = v*t - 119. Suppose -6*u + 721 = t. List the prime factors of u.
2, 43
Suppose 64*v - 24404 = 60*v. What are the prime factors of v?
6101
Suppose -3*n - 3*i = -76986, -3*n - 4*i - 14459 = -91442. List the prime factors of n.
3, 5, 29, 59
Let n(j) = j - 2. Let q be n(6). Suppose q*i = i + 120. What are the prime factors of 1232/i + (-2)/(-10)?
31
Let n = -44 - -40. Let o(w) = -w**2 - 5*w - 2. Let m be o(n). Suppose -m*t + 0*t = -c + 13, -c + 7 = -4*t. List the prime factors of c.
19
Suppose -1999498 = -157*t + 745490. List the prime factors of t.
2, 3, 31, 47
Let n be 66/363 - 706/11. What are the prime factors of 4/(n/(-3826)) - 5/40?
239
Let i = -16995 + 35734. List the prime factors of i.
7, 2677
Suppose 4*t + 4*d - 272 = 0, t = 3*t - 5*d - 171. Let j = t - 71. List the prime factors of 216/j - 2/(3/3).
2, 53
Let j be 734*(18/4 + -4). Suppose 11*u + j = 5581. List the prime factors of u.
2, 3, 79
Suppose -2*p - 3*z = -609, 8*z - 6*z = 5*p - 1532. Suppose -6*r - 434 = -4*r. Let n = r + p. What are the prime factors of n?
89
Let f be (-1 - 1)/(1 - 3 - -1). Suppose -f*d - 2*t = -1559 - 595, t = 2*d - 2166. What are the prime factors of d?
23, 47
Suppose 36*s - 49*s - 117 = 0. Let i(f) = -53*f + 9. What are the prime factors of i(s)?
2, 3
Let d(w) = -53*w - 7. Suppose 2*q = 7*q + 3*l, 0 = 2*q + l + 1. Let g be d(q). List the prime factors of 2 + 4 + -4 + (g - 1).
3, 17
Suppose -1922 = -5*n - 4*l + l, 2*n - 768 = -l. Let f = -212 + n. What are the prime factors of f?
2, 5, 17
Let c = -34780 + 65285. List the prime factors of c.
5, 6101
Let o(a) = 62*a - 25. Let z be (-579)/(-39) - (-10)/65. What are the prime factors of o(z)?
5, 181
Suppose 4*v - 4*j + 3*j = -6463, 4*v - 5*j = -6459. Let g = v - -2645. What are the prime factors of g?
3, 7
Let m = 1546 + -880. Suppose -7*k = m - 2437. List the prime factors of k.
11, 23
Let z = 54 - 310. Let q = 1457 + z. What are the prime factors of q?
1201
Suppose -42 = 3*r + 54. Let c = r - -31. List the prime factors of (-24)/8 + (-19)/c.
2
Let t = -24733 + 38132. List the prime factors of t.
13399
Let b(x) be the third derivative of 7*x**5/60 - 5*x**4/4 + x**3/6 + 5*x**2 - 5*x. What are the prime factors of b(-6)?
433
Let o be (-11)/55 - (2692/(-10) - 3). Suppose -59*w + 63*w - o = 0. List the prime factors of w.
2, 17
Let f = -60 - -17. Let i = 52 + f. Suppose 5*x + 504 = i*x. What are the prime factors of x?
2, 3, 7
Let p be (-61 + 37)*((-10)/(-8))/(-1). Suppose -30 + p = 2*a. What are the prime factors of 1/(-5) - (a - 1305/25)?
2, 13
Suppose 6*h - 3*h = 9, -4*h = 3*v - 180. Let u = 6081 + -6081. Suppose u = w - 5 - v. What are the prime factors of w?
61
Let r(u) = 11*u**2 + 19*u + 28. Let m be r(-14). Suppose -m = 9*j - 5725. List the prime factors of j.
3, 47
Suppose -4*g = -3*v - 16, 0 = 5*v + 4*g + 10 - 26. Suppose v = -4*r - 20, 3*r = -5*u + 2006 + 4744. What are the prime factors of u?
3, 11, 41
What are the prime factors of 1 + 0 + 11 + (-10)/((-120)/69804)?
3, 29, 67
Suppose -69*q + 26*q = 11*q - 293220. List the prime factors of q.
2, 3, 5, 181
Let j(b) = -7*b**2 - 20*b + 64. Let g be j(5). Let x = -183 - g. What are the prime factors of x?
2, 7
Let b(t) be the third derivative of -t**6/120 + t**5/20 - 17*t**4/24 + t**3/3 + 83*t**2. List the prime factors of b(-8).
2, 421
Let g(y) = -y**2 - 12*y + 2. Let j be (21 - 16) + 1*-17. Let r be g(j). What are the prime factors of (1311/95)/(r - 18/10)?
3, 23
Let j(f) = -3*f - 7. Let p be j(-3). Suppose p*n - 47 = 47. What are the prime factors of n?
47
Let l = -81649 + 114884. What are the prime factors of l?
5, 17, 23
Let p = -21527 - -39619. List the prime factors of p.
2, 4523
Let q(j) = -5*j + 50. Let x(z) = -z. Let l(t) = q(t) - 2*x(t). Let h be l(15). Let o(p) = 2*p**3 - 5*p**2 + 5*p. What are the prime factors of o(h)?
2, 3, 5
Let s be 7*1 - (-42 